 - 9 + 3*p. Determine a(0).
-8
Let y(q) = -q**2 - 2*q - 1. Let a(z) = z**2 - 3*z - 10 - 3*z + 0*z. Let s be a(6). Let r(c) = -c**2 - 11*c - 12. Let j be r(s). Give y(j).
-1
Suppose 2*z - 3*z = -4. Let x(t) = -t**2 + 2*t + 4. Let u be x(z). Let a(c) = 3 + 204*c - 395*c + 196*c. Give a(u).
-17
Let y(n) = 4 - 2*n - n**3 + 2*n**3 - 3*n - 2*n**2. Suppose 3*l = 3*c + 12, 0*l = l - 3*c. Suppose 0 = 2*f - 0 - l. What is y(f)?
-2
Let m(d) be the third derivative of 0 - 1/2*d**3 + 0*d + 1/6*d**4 - 1/30*d**5 + 14*d**2. Calculate m(2).
-3
Let x(z) be the third derivative of -3*z**6/40 - z**4/24 + z**3/6 - 7*z**2. Suppose 5*p - 11 - 6 = -2*c, 9 = 3*p. Determine x(c).
-9
Suppose 2*l - 2*w = 5*l + 19, 2*l - 4*w + 2 = 0. Let h be -3 + (-4)/(4/l). Let f(k) = -8*k**3 + 4*k**2 - 5*k**2 + k**h + k**2. Give f(-1).
9
Let v(c) be the second derivative of -1/6*c**3 + c**2 + 2*c + 1/12*c**4 + 0. Give v(-2).
8
Suppose 5*m = -f + 1, 0*m + 1 = f + 3*m. Let t(n) = -2*n + 10. Let j(q) = -1. Let o(a) = f*j(a) - t(a). What is o(9)?
7
Suppose 2*d - 6 = -5*y, -219*y + 217*y + 9 = 3*d. Let u(l) be the second derivative of -1/2*l**4 + 0*l**3 + 1/2*l**2 + y - 9*l. Give u(1).
-5
Let s be -28*(-6)/144 - 1. Let d(t) be the second derivative of -s*t**4 + 1/6*t**3 + 0 + 1/2*t**2 - t. What is d(-1)?
-2
Let h be (-1 - 0)/(-3 + 4). Let b(i) = 5*i**2 + 2*i + 1. Let y be b(h). Let n(l) be the first derivative of l**3/3 - 2*l**2 + 2*l - 4. Calculate n(y).
2
Let y(s) = 11*s**3. Suppose 0 = -5*b + 10 + 15. Suppose 12 = -f - b*u - 12, -f + u = 0. Let g = -3 - f. What is y(g)?
11
Let t(v) be the first derivative of -v**4/6 - v**3/2 + 7*v**2 - 9. Let a(d) be the second derivative of t(d). Give a(-3).
9
Let t(b) = -b**3 - 3*b**2 - 2*b. Let k = -32 - -47. Let p be ((-9)/k - -1)/((-2)/10). Calculate t(p).
0
Let g(x) = -x**3 - 13*x**2 + x + 16. Let t be g(-13). Suppose -t*m - r - 2 = -1, -5*r = -10. Let o(s) = 6*s**3 - s**2 + s + 1. Give o(m).
-7
Let q(g) = -7*g + 262. Let x be q(38). Let u(y) be the second derivative of -y**4/12 - y**3/3 + 5*y**2/2 - y. Give u(x).
-3
Let z(d) = -d**2 + 18*d - 30. Let s(a) = -4*a**2 + 21*a + 11. Let c be s(5). What is z(c)?
2
Let x be 12/1 + (0 - -2). Let p = -12 + x. Let i(b) = 3*b**2 - 3*b + 1. Let q(a) = -a**2. Let y(h) = -i(h) - q(h). What is y(p)?
-3
Let t = -117 + 126. Let q be 0*(3/2)/3. Suppose -6*z + t = -z + 3*f, -z + f - 3 = q. Let h(p) = p + 5. What is h(z)?
5
Suppose -5*j - 2*p = -437, -5*j + 465 = -3*p - 2*p. Let z = 93 - j. Let h(c) = -c + 1. Determine h(z).
-3
Let x(k) = 6*k + 35. Suppose -l + o - 6 = 5, 7 = -2*l - o. Let w be x(l). Let c(r) = -4*r**2. Determine c(w).
-4
Suppose 6*l = 3*l + n, -3*l = 2*n + 9. Let c(i) be the second derivative of -i**3/6 - i**2/2 + 15*i. Give c(l).
0
Let i = -65 + 72. Suppose -2*z = 7 + i. Let w(u) = u + 1. Calculate w(z).
-6
Suppose 11*d = 2*d + 18. Suppose -12 = d*a - 0*x + x, -2*x = -a + 4. Let o(l) = -l + 3. Determine o(a).
7
Suppose -8 = -3*i - 50. Let u(o) = -2*o - 29. What is u(i)?
-1
Let f(b) = 2*b**3 + 19*b**2 + 11*b + 13. Let n be f(-9). Let l(p) = 4*p + 9. Let c(a) = 6*a + 14. Let o(y) = n*c(y) + 7*l(y). Calculate o(-5).
3
Let d(b) = -64*b**2 - 5 + 0 + 63*b**2 - 9*b. Let s(y) = 1. Let u be -2*(-2 + 0/(-1)). Let o(q) = u*s(q) - d(q). What is o(-6)?
-9
Let p = 569 - 569. Let z(t) = t + 5. Give z(p).
5
Let o(n) = -2*n**3 + 3*n**3 + 3586*n + 4 + 16*n**2 - 3571*n. What is o(-15)?
4
Let o(t) = t**2 - t + 2. Let v(c) = c + 14 - 7 - 3 - 5. Let s(x) = -o(x) + 5*v(x). Calculate s(5).
-2
Let b = -530 + 538. Let x(j) = -j + 7. Give x(b).
-1
Let v = -130 + 129. Let w(r) = 36*r**2. Give w(v).
36
Let j(t) be the first derivative of -5/3*t**3 - 8*t - 1/4*t**4 - 2 + 2*t**2. Let q(r) = -r**3 - 5*r**2 + 68*r + 16. Let f be q(-11). Determine j(f).
4
Let w(k) = 1 - 2*k + 3*k + 2 + 4*k - 2. Give w(-1).
-4
Let w(i) = -27*i**2 + 22*i**2 - i**3 - i**2 - 5*i + 3. Give w(-5).
3
Let l(z) be the first derivative of z**6/120 + z**5/12 - z**4/8 + 5*z**3/6 + 9*z**2 - 14. Let v(p) be the second derivative of l(p). Calculate v(-6).
-13
Let z(q) = -q**2 - 8*q**2 + 2*q**2. Let w(r) = -8*r**2 - r + 1. Let l(x) = -6*w(x) + 7*z(x). Let o = 13628 + -13624. Give l(o).
2
Let w(r) = 5*r**2 + 12*r - 3. Let p(j) = 7*j**2 + 15*j - 3. Let z(k) = 2*p(k) - 3*w(k). Suppose -17 = 4*a + 7. Calculate z(a).
3
Let c(m) = m**3 + 4*m**2 + 5*m + 2. Suppose -q = -3, -4*q + 45 - 37 = 2*j. What is c(j)?
0
Let b(y) = 5*y - 4. Let k be 1*5/(25/15). Suppose k*w - 18 = -2*w + 3*d, 5*d = -2*w + 32. Give b(w).
26
Let f(w) = 28*w**3 - 5*w + 9. Let d(p) = -15*p**3 + 2*p - 4. Let s(t) = 7*d(t) + 3*f(t). Calculate s(-1).
21
Let c(h) = 4*h + 1. Let m = 166 - 165. Give c(m).
5
Let p(k) = -k**2 + 3*k + 4. Let h(r) = -r**2 - 5*r + 2. Let n be h(-4). Let u be (16/(-4))/(8/(-6)). Suppose n = -u*s - 3. Determine p(s).
-14
Let i(q) be the third derivative of -5*q**5/12 - q**4/24 + q**3/6 + 208*q**2 + 3*q. Determine i(1).
-25
Let o(g) be the first derivative of 3*g**2 - 5*g - 576. What is o(6)?
31
Let i(r) be the first derivative of -r**3/3 - 4*r**2 - 9*r + 8. Let g be i(-7). Let m(b) = -2*b + 0*b - 2*b + 3*b. Give m(g).
2
Suppose -2*t - 56 = 7*v - 2*v, 5 = -2*v + 5*t. Let a(j) = j**3 + 9*j**2 - 11*j. What is a(v)?
10
Let q(a) = -a**3 - 6*a**2 + 4. Let j(p) = 2*p + 13. Suppose -5*i = 3 + 2. Let s(m) = m. Let g(u) = i*j(u) + 3*s(u). Let h be g(7). Determine q(h).
4
Let h be (-6 - -3)*1*2. Let p(x) = -13*x**3 + 16*x**2 + 24*x - 20. Let i(m) = 5*m**3 - 5*m**2 - 8*m + 7. Let r(k) = -8*i(k) - 3*p(k). Calculate r(h).
-20
Let v(n) be the first derivative of n**4/24 - 5*n**2 + 4. Let j(p) be the second derivative of v(p). Give j(-1).
-1
Let h(t) = -t**3 + 9*t**2 + 6*t + 17*t + 2*t**3 - 38*t + 7*t + 20. Determine h(-10).
0
Let j(a) = 4*a**3 - a**2 - 2*a + 1. Let t be j(1). Let b(g) = 3*g + 2*g**t + 2*g + 1 - 4*g - 2*g. Let i be 4/(-3)*(-6)/(-4). Calculate b(i).
11
Let x(p) be the first derivative of -p**2/2 + 265. What is x(16)?
-16
Let n(c) = 12 + 46*c**2 - 9 - 4 - 44*c**2. What is n(4)?
31
Let g(v) = -11*v - 4. Let i(j) = 13*j + 4. Let l(s) = 5*g(s) + 4*i(s). Let c be ((-2)/2 - 1)*-19. Suppose -k + 4 = 0, 5*k = 3*m - 0*k + c. What is l(m)?
14
Let a(y) = -y**2 - 5*y - 1. Let w(f) = f**2 + 4*f + 2. Let m(z) = -2*a(z) - 3*w(z). Determine m(-2).
-4
Suppose -45*i + 7 = -38*i. Let x(z) = z + 0*z + 0*z - i - 6*z. Determine x(-1).
4
Suppose -5*g + 15 = -0*g. Let t(s) be the first derivative of s**4/4 - 4*s**3/3 + 2*s + 394. Determine t(g).
-7
Let p = -775 - -797. Let o(h) = -3*h + 66. Give o(p).
0
Let m(a) be the first derivative of -5*a**3/3 - 5*a**2/2 - a - 22. Let f(i) = 3*i**2 + 3*i. Let h(v) = -7*f(v) - 4*m(v). Determine h(-4).
-8
Let z = -38 - -24. Let f = z - -20. Let t(u) = -4*u - 13. Let n(a) = -a - 1. Let q(k) = -5*n(k) + t(k). What is q(f)?
-2
Let q(m) = 11 + 0 - m**2 + 1 + 97*m - 92*m. What is q(6)?
6
Let h(l) = 2*l**2 + 4*l + 3. Let g be h(-2). Let v(s) be the second derivative of s**3/6 + s**2/2 + 164*s. Determine v(g).
4
Let x(y) be the second derivative of -y**4/12 + 11*y**2/2 + 11*y - 1. Let v be -1 + 3 - (3 - 1). Give x(v).
11
Let g be 1*2/2 + 3. Let h be (-45)/(-6)*g/(-5). Let l(f) = -f**2 + 3*f - 2*f**2 - 1 + 2*f**2 - 7*f - 3*f. Calculate l(h).
5
Suppose 5*k + 2*h + 23 = 0, 3*k - 8*h = -10*h - 17. Let p(s) = s**3 + 4*s**2 + 2*s - 3. What is p(k)?
0
Let k be 4/(-3)*(-33)/22. Let o(a) = -8*a + 2*a + 5*a + k + 2*a. Suppose -v - 2*d - 6 = -3*v, 3*d = 5*v - 13. Determine o(v).
4
Let h(l) = -l**3 + 3*l**2 - l + 2. Let w be h(3). Let b be (-9)/((-45)/(-10)) + 3 + w. Let g(r) = r**3 + r**2 - r + 2. Give g(b).
2
Suppose -22*q + 63 = -3. Let f(u) be the second derivative of -1/12*u**4 + 0 - 7*u - u**2 + 0*u**q. What is f(-2)?
-6
Let m(i) = 8*i**2 - i. Suppose 5*y = -2*x + 6*x - 4, -5*x = 4*y + 36. Let r(c) = -9*c**2 + c. Let b(p) = x*m(p) - 3*r(p). Give b(-1).
-6
Let x(t) = -19*t + 2. Let y(m) = -9*m + 7. Let q(c) = -9*c + 6. Let i(s) = -6*q(s) + 5*y(s). Let a(d) = -9*i(d) - 4*x(d). What is a(-3)?
16
Let i(z) = -43 - 36 + z**2 + 107 - 36 + 3*z. Determine i(4).
20
Let y(x) = 3 + 86*x**2 - 42*x**2 + x**3 - 7 - 47*x**2 + 4*x. Calculate y(3).
8
Let j(m) = m**2 - m - 1. Let p(t) = -5*t + 6. Let z(o) = -j(o) - p(o). Let r(v) = 10*v + 34. Let u be r(-3). Suppose u = -24*b + 25*b. What is z(b)